{"id":157,"date":"2022-07-07T15:42:42","date_gmt":"2022-07-07T13:42:42","guid":{"rendered":"https:\/\/jusoshennef.de\/jusos\/?page_id=157"},"modified":"2025-02-11T22:49:02","modified_gmt":"2025-02-11T21:49:02","slug":"mitmachen","status":"publish","type":"page","link":"https:\/\/jusoshennef.de\/jusos\/mitmachen\/","title":{"rendered":"Lust auf Politik?"},"content":{"rendered":"\n<p>Du hast Lust auf Politik und willst nicht nur zuzusehen, sondern selbst mitgestalten? Dann bist du bei uns genau richtig! Egal, ob du Lust hast, auf Demos Flagge zu zeigen, Aktionen zu planen, intensiv zu diskutieren oder konkrete Anliegen umzusetzen. Wir suchen Leute, die sich einbringen wollen.<\/p>\n\n\n\n<p><strong>Melde dich bei uns! <\/strong><\/p>\n\n\n\n<p class=\"has-black-color has-text-color has-link-color wp-elements-9c515ab763cc3295762ae68c985a2cd0\">Schreib uns einfach eine Mail (jusos.hennef@gmail.com), melde dich per <a href=\"https:\/\/www.instagram.com\/jusoshennef\/\" data-type=\"link\" data-id=\"https:\/\/www.instagram.com\/jusoshennef\/\">Instagram<\/a>, sende das <a href=\"https:\/\/jusoshennef.de\/jusos\/kontakt\/\" data-type=\"page\" data-id=\"92\">Kontaktformular<\/a> oder ruf einfach durch. Wir freuen uns auf dich! <\/p>\n\n\n\n<p class=\"has-sand-background-color has-background\">Du musst nicht direkt Mitglied werden, um mitzumachen. Schau einfach mal bei einem Treffen vorbei und lern uns kennen. Melde dich einfach bei uns und wir geben dir den n\u00e4chsten Termin durch.<\/p>\n\n\n\n<h4 class=\"wp-block-heading\"><br>Unser Ansprechpartner f\u00fcr Interessierte und Neumitglieder:<\/h4>\n\n\n\n<div class=\"wp-block-media-text alignwide is-stacked-on-mobile is-vertically-aligned-top\" style=\"grid-template-columns:20% auto\"><figure class=\"wp-block-media-text__media\"><img loading=\"lazy\" decoding=\"async\" width=\"900\" height=\"1200\" src=\"https:\/\/jusoshennef.de\/jusos\/wp-content\/uploads\/niederstein_maximilian-900x1200.jpeg\" alt=\"Bild von Maximilian Niederstein\" class=\"wp-image-299 size-full\" srcset=\"https:\/\/jusoshennef.de\/jusos\/wp-content\/uploads\/niederstein_maximilian-900x1200.jpeg 900w, https:\/\/jusoshennef.de\/jusos\/wp-content\/uploads\/niederstein_maximilian-375x500.jpeg 375w, https:\/\/jusoshennef.de\/jusos\/wp-content\/uploads\/niederstein_maximilian-768x1024.jpeg 768w, https:\/\/jusoshennef.de\/jusos\/wp-content\/uploads\/niederstein_maximilian-1152x1536.jpeg 1152w, https:\/\/jusoshennef.de\/jusos\/wp-content\/uploads\/niederstein_maximilian-1536x2048.jpeg 1536w, https:\/\/jusoshennef.de\/jusos\/wp-content\/uploads\/niederstein_maximilian-scaled.jpeg 1920w\" sizes=\"auto, (max-width: 900px) 100vw, 900px\" \/><\/figure><div class=\"wp-block-media-text__content\">\n<p><strong>Maximilian Niederstein<br><\/strong>\ud83d\udce7niederstein.hennef@gmail.com<br>\ud83d\udcf10151 475 176 42<\/p>\n<\/div><\/div>\n\n\n\n<h4 class=\"wp-block-heading has-black-color has-text-color\"><br>Was machen wir so bei unseren Treffen?<\/h4>\n\n\n\n<ul class=\"wp-block-list\">\n<li>\u00dcber aktuelle politische und sonstige Themen diskutieren<\/li>\n\n\n\n<li>Kampagnen und Aktionen planen <\/li>\n\n\n\n<li>Wahlkampf und die Zukunft von Hennef aktiv gestalten<\/li>\n\n\n\n<li>Antr\u00e4ge &amp; Anfragen f\u00fcr Fachaussch\u00fcsse vorbereiten<\/li>\n\n\n\n<li>Uns weiterbilden, vernetzen und empowern<\/li>\n<\/ul>\n\n\n\n<h4 class=\"wp-block-heading\">So kannst du mitmachen:<\/h4>\n\n\n\n<p><strong>Einfach vorbeikommen:<\/strong> Jede*r kann mitmachen \u2013 ohne formelle Mitgliedschaft. Schreib uns und komm zu unserem n\u00e4chsten Treffen!<\/p>\n\n\n\n<p><strong>SPD-Mitgliedschaft:<\/strong> Als SPD-Mitglied bist du automatisch auch Juso mit allen Rechten und M\u00f6glichkeiten. Der Beitrag startet bei 2,50 \u20ac*\/Monat. <a href=\"https:\/\/www.spd.de\/unterstuetzen\/mitglied-werden\/\">Werde jetzt Mitglied!<\/a><\/p>\n\n\n\n<p><strong>\u201eNur-Juso-Mitgliedschaft\u201c:<\/strong> Du kannst offiziell Juso-Mitglied werden (1 \u20ac*\/Monat, 2 Jahre) und hast innerhalb der Jusos volle Mitbestimmung.<a href=\"https:\/\/jusowerden.spd.de\/\"> Jetzt Juso werden!<\/a><\/p>\n\n\n\n<p>*Solltest du finanzielle Hilfe brauchen, findet sich immer ein Weg. <\/p>\n","protected":false},"excerpt":{"rendered":"<p>Du hast Lust auf Politik und willst nicht nur zuzusehen, sondern selbst mitgestalten? Dann bist du bei uns &#8230;<\/p>\n","protected":false},"author":2,"featured_media":347,"parent":0,"menu_order":0,"comment_status":"closed","ping_status":"closed","template":"","meta":{"footnotes":""},"class_list":["post-157","page","type-page","status-publish","has-post-thumbnail","hentry"],"acf":[],"_links":{"self":[{"href":"https:\/\/jusoshennef.de\/jusos\/wp-json\/wp\/v2\/pages\/157","targetHints":{"allow":["GET"]}}],"collection":[{"href":"https:\/\/jusoshennef.de\/jusos\/wp-json\/wp\/v2\/pages"}],"about":[{"href":"https:\/\/jusoshennef.de\/jusos\/wp-json\/wp\/v2\/types\/page"}],"author":[{"embeddable":true,"href":"https:\/\/jusoshennef.de\/jusos\/wp-json\/wp\/v2\/users\/2"}],"replies":[{"embeddable":true,"href":"https:\/\/jusoshennef.de\/jusos\/wp-json\/wp\/v2\/comments?post=157"}],"version-history":[{"count":32,"href":"https:\/\/jusoshennef.de\/jusos\/wp-json\/wp\/v2\/pages\/157\/revisions"}],"predecessor-version":[{"id":339,"href":"https:\/\/jusoshennef.de\/jusos\/wp-json\/wp\/v2\/pages\/157\/revisions\/339"}],"wp:featuredmedia":[{"embeddable":true,"href":"https:\/\/jusoshennef.de\/jusos\/wp-json\/wp\/v2\/media\/347"}],"wp:attachment":[{"href":"https:\/\/jusoshennef.de\/jusos\/wp-json\/wp\/v2\/media?parent=157"}],"curies":[{"name":"wp","href":"https:\/\/api.w.org\/{rel}","templated":true}]}}

<p>Du hast Lust auf Politik und willst nicht nur zuzusehen, sondern selbst mitgestalten? Dann bist du bei uns genau richtig! Egal, ob du Lust hast, auf Demos Flagge zu zeigen, Aktionen zu planen, intensiv zu diskutieren oder konkrete Anliegen umzusetzen. Wir suchen Leute, die sich einbringen wollen.</p>



<p><strong>Melde dich bei uns! </strong></p>



<p class="has-black-color has-text-color has-link-color wp-elements-9c515ab763cc3295762ae68c985a2cd0">Schreib uns einfach eine Mail (jusos.hennef@gmail.com), melde dich per <a href="https://www.instagram.com/jusoshennef/" data-type="link" data-id="https://www.instagram.com/jusoshennef/">Instagram</a>, sende das <a href="https://jusoshennef.de/jusos/kontakt/" data-type="page" data-id="92">Kontaktformular</a> oder ruf einfach durch. Wir freuen uns auf dich! </p>



<p class="has-sand-background-color has-background">Du musst nicht direkt Mitglied werden, um mitzumachen. Schau einfach mal bei einem Treffen vorbei und lern uns kennen. Melde dich einfach bei uns und wir geben dir den nächsten Termin durch.</p>



<h4 class="wp-block-heading"><br>Unser Ansprechpartner für Interessierte und Neumitglieder:</h4>



<div class="wp-block-media-text alignwide is-stacked-on-mobile is-vertically-aligned-top" style="grid-template-columns:20% auto"><figure class="wp-block-media-text__media"><img loading="lazy" decoding="async" width="900" height="1200" src="https://jusoshennef.de/jusos/wp-content/uploads/niederstein_maximilian-900x1200.jpeg" alt="Bild von Maximilian Niederstein" class="wp-image-299 size-full" srcset="https://jusoshennef.de/jusos/wp-content/uploads/niederstein_maximilian-900x1200.jpeg 900w, https://jusoshennef.de/jusos/wp-content/uploads/niederstein_maximilian-375x500.jpeg 375w, https://jusoshennef.de/jusos/wp-content/uploads/niederstein_maximilian-768x1024.jpeg 768w, https://jusoshennef.de/jusos/wp-content/uploads/niederstein_maximilian-1152x1536.jpeg 1152w, https://jusoshennef.de/jusos/wp-content/uploads/niederstein_maximilian-1536x2048.jpeg 1536w, https://jusoshennef.de/jusos/wp-content/uploads/niederstein_maximilian-scaled.jpeg 1920w" sizes="auto, (max-width: 900px) 100vw, 900px" /></figure><div class="wp-block-media-text__content">
<p><strong>Maximilian Niederstein<br></strong>📧niederstein.hennef@gmail.com<br>📱0151 475 176 42</p>
</div></div>



<h4 class="wp-block-heading has-black-color has-text-color"><br>Was machen wir so bei unseren Treffen?</h4>



<ul class="wp-block-list">
<li>Über aktuelle politische und sonstige Themen diskutieren</li>



<li>Kampagnen und Aktionen planen </li>



<li>Wahlkampf und die Zukunft von Hennef aktiv gestalten</li>



<li>Anträge &amp; Anfragen für Fachausschüsse vorbereiten</li>



<li>Uns weiterbilden, vernetzen und empowern</li>
</ul>



<h4 class="wp-block-heading">So kannst du mitmachen:</h4>



<p><strong>Einfach vorbeikommen:</strong> Jede*r kann mitmachen – ohne formelle Mitgliedschaft. Schreib uns und komm zu unserem nächsten Treffen!</p>



<p><strong>SPD-Mitgliedschaft:</strong> Als SPD-Mitglied bist du automatisch auch Juso mit allen Rechten und Möglichkeiten. Der Beitrag startet bei 2,50 €*/Monat. <a href="https://www.spd.de/unterstuetzen/mitglied-werden/">Werde jetzt Mitglied!</a></p>



<p><strong>„Nur-Juso-Mitgliedschaft“:</strong> Du kannst offiziell Juso-Mitglied werden (1 €*/Monat, 2 Jahre) und hast innerhalb der Jusos volle Mitbestimmung.<a href="https://jusowerden.spd.de/"> Jetzt Juso werden!</a></p>



<p>*Solltest du finanzielle Hilfe brauchen, findet sich immer ein Weg. </p>
